 factors of k(o).
3, 607
Suppose 0 = -19*t + 227 - 113. Suppose t*n - 3*n + 2*j = 3965, 0 = 4*n + 3*j - 5287. What are the prime factors of n?
1321
Let q = -247 - -250. Suppose -q*a = -946 - 980. What are the prime factors of a?
2, 3, 107
Let s = 5555 - 5558. Suppose -872 = -4*t - 4*o, -840 = -4*t - 0*o + 4*o. List the prime factors of (t/s)/(-1) + (-38)/(-57).
2, 3
Let u be 4/72*3 + (-57)/18. Let a be u + (348*1 - 3). What are the prime factors of 8/(-20) + a/5?
2, 17
Let m be 12/(-8)*1328/(-12). Let u = 148 - m. List the prime factors of (156/u + 5)*(-68 - 1).
11, 23
Let r(k) = 618*k**2 + 2270*k - 1. List the prime factors of r(3).
89, 139
Suppose 0 = -34*g - 36*g + 57*g + 104741. What are the prime factors of g?
7, 1151
Suppose 62*k - 9108622 = -89*k. List the prime factors of k.
2, 30161
Let b be 6 - 7 - (1 + 1 + -1). Let g be (25/(-20))/(b - 686/(-344)). Let z = -147 + g. List the prime factors of z.
2, 17
Let z(h) be the second derivative of -146*h**3/3 + 97*h**2/2 - 120*h. What are the prime factors of z(-3)?
7, 139
Suppose -5*r = -h + 35445, 15*h - 18*h = 5*r - 106255. What are the prime factors of h?
5, 13, 109
Suppose -4*i + 560 = -0*i. Suppose 34*w - 29*w = -525. Let m = i + w. What are the prime factors of m?
5, 7
Let n(m) be the first derivative of -17 + 0*m**2 + 10*m + 1/3*m**3. List the prime factors of n(10).
2, 5, 11
Suppose -194376 = 4831*k - 4852*k. What are the prime factors of k?
2, 13, 89
Let s(t) = -t**2 + 14*t + 10. Let r(j) = j + 1. Let a(i) = 4*r(i) - s(i). Let m be a(11). Suppose 8 = -2*v, 4*o + v = m*v + 188. List the prime factors of o.
43
Let w be (10/(-6))/(-6*(-3)/7182). Let f = -222 - w. Suppose 3*k = -2*y + f, -k + 0*k - y + 146 = 0. List the prime factors of k.
151
Let n(j) = 5*j + 4. Suppose 0 = -2*c - 2*c. Let i = 2 + c. What are the prime factors of n(i)?
2, 7
Let t = -17 + 26. Suppose 4*f - 3*a - 950 = 0, -5*a + 966 = t*f - 5*f. What are the prime factors of f?
239
Let c be ((-832)/24)/(-13)*(-39)/(-2). Let n = 141 - c. What are the prime factors of n?
89
What are the prime factors of 448/(-2)*(5 - (46 - 11))?
2, 3, 5, 7
Let x(f) be the second derivative of f**4/4 - 2*f**3 + 2*f**2 + 25*f. Let j be x(4). Suppose -z = 2*k - 5*z - 96, j*k - 202 = -2*z. List the prime factors of k.
2, 5
Let n(z) = z**2 - 7*z + 1. Let v be n(6). Let w be v - (-1595)/35 - (-6)/14. Let f = 74 + w. List the prime factors of f.
5, 23
Suppose 0 = 12*c - 28*c + 356080. What are the prime factors of c?
5, 4451
Suppose q - 2*q = 2*h - 855, -2136 = -5*h - 3*q. Suppose h = 5*i + 3*j, -j + 2*j - 423 = -5*i. What are the prime factors of i?
2, 3, 7
Suppose 5*t - 1574 = -2*k + 738, 4*t = -3*k + 3468. Suppose -2*p + 5*z = -k, 514 = p + 3*z - 42. List the prime factors of p.
2, 71
Let i = 9 - 752. Let t = -304 - i. List the prime factors of t.
439
Let y = 15 - -18. Suppose 30*x + d = y*x - 3610, 3*x = -5*d + 3604. What are the prime factors of x?
3, 401
Suppose -4*n - 1730 = -4*b - 22982, n = 3*b + 5307. What are the prime factors of n?
2, 3, 443
Suppose -15*d + 5*d = -350. Let n = 874 - d. List the prime factors of n.
839
What are the prime factors of ((-243424)/(-12))/(-10*(-12)/180)?
2, 7607
List the prime factors of (-93)/((231/(-2497))/21).
3, 31, 227
Suppose 4*d - 325 = -3*o, -22 - 271 = -3*o + 4*d. Let p = 100 - o. List the prime factors of (3/(9/411))/((-3)/p).
137
What are the prime factors of (55742/8 - 0) + 15/60?
2, 13, 67
Suppose 33*f - 9515 = 28*f. Suppose b = 2*b - f. Suppose 9*t - b = -2*t. List the prime factors of t.
173
Suppose -5*b - 10448 = -21*b. Let v = -113 + b. List the prime factors of v.
2, 3, 5
Let n = -29319 - -57249. What are the prime factors of n?
2, 3, 5, 7, 19
Suppose 7*a - 1356 = -348. Let v = 200 + a. List the prime factors of v.
2, 43
Suppose 8 = 2*l + 2. Suppose -5*t - 6*z + 56 = -l*z, -38 = -2*t + 4*z. Let r = 115 - t. List the prime factors of r.
2, 3, 17
Suppose -2*t + 3*z = 125, 5*z + 101 = -0*t - 2*t. Suppose 5*a + 4*u = 127, 0 = 2*a - 5*u - 14 - 50. Let l = a - t. What are the prime factors of l?
5, 17
Suppose -252315 = 16*k - 320976 - 355083. What are the prime factors of k?
2, 3, 2207
Suppose -4*g + 9894 + 7198 = 0. What are the prime factors of g?
4273
Suppose -3555 = -57*z + 54*z. List the prime factors of z.
3, 5, 79
Suppose -n + c - 11 - 12 = 0, -36 = 2*n + 3*c. Let d = -170 - -83. Let b = n - d. List the prime factors of b.
2, 3, 11
Let p(n) = n**3 - 3*n**2 - 2*n - 2. Let y be p(3). Suppose -3*b + 5*h = 992, 4*b + 6*h + 1276 = h. What are the prime factors of -4*(1 - b/y)?
2, 79
Suppose -2*w + 7*w - 20 = 0, 3*w = -b + 4. What are the prime factors of 522 + ((-12)/96 - 1/b)?
2, 3, 29
Suppose -5*n - d + 2504 = 0, 7*d - 2020 = -4*n + 2*d. Let k = n - 44. Suppose 10*x = 6*x + k. List the prime factors of x.
2, 3, 19
Let g(n) = -n - 2. Let s(b) = 34*b - 41. Let k(l) = -5*g(l) + s(l). Let i be k(5). Suppose 0 = -5*p + i + 776. List the prime factors of p.
2, 47
Suppose 307 = 5*p + 2*u, 114 = 2*p + u + 2*u. Let s be p/28 - 1/4. Suppose 29 = -s*y + 53. What are the prime factors of y?
2, 3
Let v(n) = 7*n**2 + 11*n - 8. Suppose -y + j = 2 - 12, -4*y - 4*j = -8. List the prime factors of v(y).
2, 5, 31
Let q be (4/10)/(1/5). Let k(c) = -12*c**2 - 7*c - 6. Let o(y) = 2*y**2 + 4*y. Let v(d) = -k(d) - 3*o(d). What are the prime factors of v(q)?
2, 5
Let m = 13564 + -1300. List the prime factors of m.
2, 3, 7, 73
Let x = 43 - 121. Let m = 164 - x. Suppose 3*w - 2*s = s + 222, -3*w - 2*s + m = 0. List the prime factors of w.
2, 3, 13
Suppose 3*z - 93 = -4*c + 169, 2*c - 138 = -5*z. Let q = c - -101. Suppose 4*k = -o - 0*k + 50, 2*o - 5*k - q = 0. List the prime factors of o.
2, 5, 7
Suppose 0 = -3*s - n + 7, 2*s - 2*n - 2*n = 14. Suppose s*z + 2016 = 6*z. Let p = z + -436. What are the prime factors of p?
2, 59
Let m(a) = a**3 + 7*a**2 + a + 12. Let v be m(-7). Suppose 0 = -z - z + 3*x, 3*z - v*x = 0. Suppose 0 = -2*h - z*h + 216. List the prime factors of h.
2, 3
Suppose -4*v = 5*c - 1 - 29, 0 = -5*v - 3*c + 31. Suppose 0 = 21*n + v*n - 36088. List the prime factors of n.
2, 347
What are the prime factors of (12/(-32))/(-3) - 2281890/(-240)?
2, 2377
Let y(c) = 2*c**2 - 28*c - 26. Let g be y(15). Suppose -3*x + 325 = 4*b - 458, b - g*x - 191 = 0. What are the prime factors of b?
3, 5, 13
List the prime factors of (-137254)/(-104) - (-15)/(-20).
1319
Let v be 0 - -2 - ((10 - 20) + 8). Suppose 0 = w + v*w - 6995. List the prime factors of w.
1399
Let b = -20315 - -20822. List the prime factors of b.
3, 13
Let p be (22/(-99))/(-1) - (-15433)/9. Suppose -49*g + p = -44*g. What are the prime factors of g?
7
Let k(o) = 12*o**3 + o**2 - 7*o + 5. Suppose 4*u - 17*u = -26. List the prime factors of k(u).
7, 13
Let a = -9472 + 13583. Suppose -5*m + l + a = 0, 0 = -2*m - 3*m - l + 4109. What are the prime factors of m?
2, 3, 137
Let b = 7527 - -40790. What are the prime factors of b?
19, 2543
Let z(d) = -d - 13. Suppose -2*m - 3*a + 48 = -6*m, 0 = -3*a + 12. Let s be z(m). Let o(r) = -r**3 - 3*r**2 - r + 7. List the prime factors of o(s).
3
What are the prime factors of (37116/(-16))/(9/(-36))?
3, 1031
Suppose -3*n = -3*h + 5*h - 172, -n - 4*h = -64. Let p be n/12 + (-4)/6. Suppose 5*r - 729 = -p*r. List the prime factors of r.
3
Let t(z) = z**2 - 8*z - 21. Let i = -5 - -29. Suppose -3*l + i = -5*p + 6, -p - 3*l - 18 = 0. List the prime factors of t(p).
3, 7
Suppose 16*t - 1193756 = -13*t. What are the prime factors of t?
2, 41, 251
Suppose -4*n + 29 = 17. What are the prime factors of 141 + (n + 22)/5?
2, 73
Let o = 366 - 351. What are the prime factors of ((-5)/(o/(-406)))/(10/15)?
7, 29
List the prime factors of (19852 - 1*(-2 + -2 - -4))/2.
2, 7, 709
Let b = 49 - -92. Suppose c + 3*d = b, -3*c + 278 = -c + 2*d. What are the prime factors of c?
2, 3, 23
Suppose -5*d + 3845 = w, -5*w - 4*d - 730 = -20060. What are the prime factors of w?
2, 3, 5, 43
Let y = -55 + 94. Let z = -57 + y. List the prime factors of z*((-56)/12 + 2).
2, 3
Suppose 0 = 2551*p - 2541*p - 372130. What are the prime factors of p?
11, 17, 199
Let v = 550 - 162. Let m = -325 + v. What are the prime factors of m?
3, 7
Let w(h) = -442*h + 3059. What are the prime factors of w(-17)?
97, 109
Let i be 2/(9/21 + (-2942)/6832). Let d = i - -1696.